 22874 a composite number?
True
Is 30289 a prime number?
False
Is 33481 prime?
False
Is 110221 composite?
False
Is 29629 a prime number?
True
Is 186619 prime?
True
Is 7499 composite?
False
Is 2612063 prime?
False
Is 24499 prime?
True
Is 1969 a composite number?
True
Is 118077 prime?
False
Is 488327 a composite number?
True
Is 1439 a composite number?
False
Is 199859 a prime number?
False
Is 21 a composite number?
True
Is 44927 composite?
False
Is 557197 a prime number?
True
Is 17077 composite?
False
Is 1777 a prime number?
True
Is 336961 prime?
True
Is 447307 a composite number?
True
Is 4889 a composite number?
False
Is 3119 prime?
True
Is 396563 composite?
False
Is 274327 prime?
False
Is 84215 a composite number?
True
Is 277391 a composite number?
True
Is 190565 composite?
True
Is 2302 a prime number?
False
Is 1927165 a prime number?
False
Is 211 prime?
True
Is 142297 composite?
False
Is 717501 a composite number?
True
Is 81149 a prime number?
False
Is 52397 prime?
False
Is 10897 a composite number?
True
Is 14969 a composite number?
False
Is 21083 a composite number?
True
Is 8887 prime?
True
Is 4427 composite?
True
Is 98962 a prime number?
False
Is 39727 a prime number?
True
Is 26473 a prime number?
False
Is 4375645 a prime number?
False
Is 142339 a composite number?
True
Is 1352311 a composite number?
False
Is 64763 a prime number?
True
Is 7162 prime?
False
Is 895677 a prime number?
False
Is 48381 composite?
True
Is 982843 prime?
True
Is 411 a composite number?
True
Is 196747 a composite number?
True
Is 376721 composite?
False
Is 9627 composite?
True
Is 4271 a composite number?
False
Is 5953 prime?
True
Is 1753 a prime number?
True
Is 1275593 a prime number?
False
Is 537661 a composite number?
False
Is 1861 composite?
False
Is 6236707 composite?
False
Is 142081 a composite number?
True
Is 17351 a composite number?
False
Is 488051 composite?
False
Is 57347 a composite number?
False
Is 673 composite?
False
Is 132083 a prime number?
False
Is 1383359 composite?
False
Is 1706 a composite number?
True
Is 10847 composite?
False
Is 342647 composite?
False
Is 18839 a composite number?
False
Is 21211 a composite number?
False
Is 9403 a composite number?
False
Is 389669 a composite number?
True
Is 557 prime?
True
Is 59863 composite?
False
Is 11359 a composite number?
True
Is 80897 composite?
False
Is 863201 a composite number?
True
Is 136987 prime?
True
Is 13378 a composite number?
True
Is 3316033 prime?
False
Is 16619 prime?
True
Is 33739 a composite number?
False
Is 3047 composite?
True
Is 147413 a composite number?
True
Is 25859 a prime number?
False
Is 6995 a composite number?
True
Is 717191 a composite number?
False
Is 32957 a prime number?
True
Is 4143005 prime?
False
Is 2721 a composite number?
True
Is 26339 composite?
False
Is 1917415 composite?
True
Is 211 composite?
False
Is 50077 a prime number?
True
Is 74981 a composite number?
True
Is 3173234 composite?
True
Is 14939 a composite number?
False
Is 2609 composite?
False
Is 2839 prime?
False
Is 30443 composite?
True
Is 44059 a composite number?
False
Is 62079 prime?
False
Is 810079 prime?
True
Is 2392517 a prime number?
True
Is 329 composite?
True
Is 28019 a composite number?
False
Is 642197 composite?
False
Is 4871 prime?
True
Is 2321 composite?
True
Is 31673 prime?
False
Is 630107 prime?
True
Is 1901 a composite number?
False
Is 173905 a composite number?
True
Is 331 a composite number?
False
Is 1568707 a composite number?
True
Is 1650706 prime?
False
Is 45841 composite?
False
Is 38107 composite?
True
Is 37921 a prime number?
False
Is 32597 a composite number?
True
Is 46639 a prime number?
True
Is 59921 composite?
False
Is 32099 a composite number?
False
Is 68129 a prime number?
False
Is 157873 prime?
False
Is 1109693 a composite number?
True
Is 37151 a prime number?
False
Is 48371 composite?
False
Is 43057 a prime number?
False
Is 1247587 prime?
False
Is 967 composite?
False
Is 74773 prime?
False
Is 7039 composite?
False
Is 7061591 composite?
False
Is 647 a prime number?
True
Is 45379 a prime number?
False
Is 4037 prime?
False
Is 178921 composite?
False
Is 55766 prime?
False
Is 125471 a composite number?
False
Is 356673 a prime number?
False
Is 11357 a prime number?
False
Is 64271 a composite number?
False
Is 2239793 prime?
True
Is 11989 composite?
True
Is 58363 a composite number?
False
Is 228809 a prime number?
False
Is 258317 prime?
True
Is 436255 a prime number?
False
Is 26557 composite?
False
Is 2831 prime?
False
Is 71843 a prime number?
True
Is 33377 a composite number?
False
Is 12599 a composite number?
True
Is 615971 prime?
True
Is 387493 composite?
False
Is 19001 a composite number?
False
Is 4443 prime?
False
Is 16869 composite?
True
Is 265297 a prime number?
False
Is 1059857 a composite number?
False
Is 19639 prime?
False
Is 390953 a composite number?
False
Is 48439 a composite number?
True
Is 4343 a composite number?
True
Is 61954 a prime number?
False
Is 9967 composite?
False
Is 1253 a composite number?
True
Is 18559 prime?
False
Is 78947 prime?
False
Is 83813 a composite number?
False
Is 126961 a prime number?
True
Is 143867 prime?
False
Is 4853 a prime number?
False
Is 1620779 a prime number?
False
Is 698131 a composite number?
True
Is 4321 a composite number?
True
Is 24221 a composite number?
True
Is 151859 prime?
False
Is 118577 a prime number?
False
Is 111859 a composite number?
True
Is 286927 a composite number?
False
Is 6819749 a composite number?
False
Is 19957 composite?
True
Is 3719 a composite number?
False
Is 3571 composite?
False
Is 236731 a prime number?
False
Is 60847 a composite number?
True
Is 1618 a composite number?
True
Is 970537 a prime number?
True
Is 833117 composite?
False
Is 76907 prime?
True
Is 209837 a prime number?
True
Is 1818581 composite?
True
Is 12791 prime?
True
Is 1473239 composite?
False
Is 82609 composite?
False
Is 662707 a prime number?
False
Is 2719 a composite number?
False
Is 61309 prime?
False
Is 413311 a prime number?
False
Is 61781 a prime number?
True
Is 4201 prime?
True
Is 223 prime?
True
Is 8182 a prime number?
False
Is 418981 a prime number?
True
Is 28891 a prime number?
False
Is 456679 prime?
True
Is 123001 a composite number?
False
Is 6506 prime?
False
Is 7827 composite?
True
Is 12791 composite?
False
Is 21211 prime?
True
Is 2327 prime?
False
Is 18923 composite?
True
Is 59131 a composite number?
True
Is 62969 composite?
False
Is 600233 a prime number?
True
Is 1535 prime?
False
Is 1759 a prime number?
True
Is 78977 a prime number?
True
Is 465407 prime?
True
Is 7807 a composite number?
True
Is 34733 a prime number?
False
Is 20849 a prime number?
True
Is 14941 a prime number?
False
Is 158341 prime?
True
Is 643847 prime?
True
Is 13057 composite?
True
Is 68093 prime?
False
Is 22486 prime?
False
Is 19278515 a prime number?
False
Is 78879 prime?
False
Is 15853 a prime number?
False
Is 957781 a composite number?
True
Is 537 a composite number?
True
Is 209543 prime?
True
Is 9199 a composite number?
False
Is 1375669 a composite number?
False
Is 332491 composite?
True
Is 198383 composite?
True
Is 7125167 a prime number?
False
Is 559795 a composite number?
True
Is 4095451 a composite number?
False
Is 24317 a prime number?
True
Is 249853 composite?
False
Is 219953 composite?
False
Is 49142 prime?
False
Is 2927 a prime number?
True
Is 250253 a composite number?
False
Is 1366 a prime number?
False
Is 90313 prime?
True
Is 6156451 composite?
True
Is 1221001 a prime number?
False
Is 1341661 a prime number?
False
Is 35779 prime?
False
Is 67407 a composite number?
True
Is 436615 a prime number?
False
Is 81245 prime?
False
Is 9961 a composite number?
True
Is 953 a prime number?
True
Is 5042 a prime number?
False
Is 6997 composite?
False
Is 5347 prime?
True
Is 35537 prime?
True
Is 8053 composite?
False
Is 1115987 composite?
False
Is 9257 a prime number?
True
Is 1608121 a prime number?
False
Is 124427 a prime number?
True
Is 402923 prime?
True
Is 18021 a composite number?
True
Is 113063 composite?
False
Is 110681 a composite number?
False
Is 12449 prime?
False
Is 733 a prime number?
True
Is 1515011 a composite number?
False
Is 14855 composite?
True
Is 51231 prime?
False
Is 64733 prime?
False
Is 4357 prime?
True
Is 688591 a prime number?
True
Is 168